d 30?
6
What is the highest common factor of 1611 and 45?
9
Calculate the greatest common divisor of 241451 and 119.
119
What is the highest common factor of 9 and 4230783?
9
Calculate the greatest common divisor of 77682 and 429.
33
What is the greatest common divisor of 47 and 826072?
47
Calculate the highest common factor of 949994 and 544.
34
Calculate the highest common divisor of 5616 and 137488.
208
Calculate the highest common divisor of 31 and 8990.
31
Calculate the greatest common divisor of 5316 and 330.
6
What is the highest common factor of 479 and 309913?
479
Calculate the greatest common factor of 106073 and 44.
11
What is the greatest common factor of 39702 and 806?
26
What is the highest common factor of 777 and 903?
21
Calculate the greatest common factor of 114880 and 2080.
160
Calculate the greatest common divisor of 104 and 13858.
26
Calculate the highest common divisor of 135 and 18882.
9
Calculate the highest common factor of 51747 and 37929.
141
What is the greatest common divisor of 86 and 5882314?
86
Calculate the greatest common factor of 63 and 135765.
63
What is the highest common divisor of 322480 and 19720?
1160
Calculate the greatest common divisor of 585 and 5499.
117
Calculate the greatest common divisor of 779760 and 48.
48
What is the greatest common divisor of 29348 and 232?
116
Calculate the greatest common divisor of 1149261 and 177.
177
Calculate the highest common divisor of 11412 and 2556.
36
What is the highest common factor of 79464 and 77?
77
Calculate the highest common divisor of 30 and 6208590.
30
Calculate the highest common divisor of 10944 and 1344.
192
Calculate the greatest common factor of 216452 and 2438.
106
What is the greatest common factor of 97748 and 3388?
28
What is the greatest common divisor of 246 and 3408?
6
What is the greatest common factor of 46201 and 47?
47
What is the highest common divisor of 647235 and 2280?
285
What is the greatest common divisor of 56549 and 293?
293
What is the highest common factor of 19 and 432592?
19
Calculate the highest common factor of 760 and 4340.
20
What is the greatest common factor of 1330 and 5145105?
665
What is the highest common factor of 6 and 59694?
6
Calculate the highest common divisor of 243270 and 3510.
270
What is the greatest common divisor of 84 and 5180?
28
What is the greatest common divisor of 198180 and 15?
15
What is the greatest common divisor of 1394333 and 254?
127
What is the highest common divisor of 253280 and 80?
80
What is the highest common factor of 95259 and 154269?
843
What is the greatest common divisor of 1776 and 18093?
111
What is the greatest common divisor of 880 and 380710?
110
What is the greatest common factor of 2226 and 140397?
159
Calculate the greatest common divisor of 147 and 12999.
21
Calculate the highest common factor of 3583884 and 808.
404
Calculate the greatest common factor of 2213563 and 33.
11
What is the highest common factor of 1833876 and 2420?
484
What is the highest common divisor of 66167 and 5588?
127
What is the greatest common divisor of 73 and 172061?
73
Calculate the highest common factor of 9581 and 169.
13
What is the highest common divisor of 205840 and 747?
83
Calculate the highest common factor of 116 and 27463.
29
What is the highest common factor of 4316 and 182?
26
Calculate the highest common divisor of 16512 and 5117.
43
Calculate the highest common divisor of 3358 and 7519.
73
Calculate the greatest common factor of 339836 and 50380.
916
What is the highest common factor of 42408 and 90396?
1116
What is the highest common divisor of 1521605 and 1630?
815
Calculate the highest common factor of 380 and 4437260.
380
Calculate the highest common factor of 51 and 6528.
51
What is the highest common factor of 841428 and 318?
318
What is the greatest common factor of 72024 and 24?
24
Calculate the greatest common factor of 148 and 622.
2
What is the highest common divisor of 1580 and 25540?
20
Calculate the greatest common factor of 19260600 and 282.
282
What is the highest common factor of 78966 and 1476?
738
What is the highest common divisor of 732555 and 135?
45
What is the greatest common divisor of 1109225 and 39?
13
What is the highest common factor of 666 and 9495?
9
Calculate the highest common divisor of 33033 and 25662.
273
What is the highest common divisor of 545 and 50249?
109
Calculate the highest common divisor of 5161260 and 509.
509
What is the greatest common divisor of 19723 and 35211?
121
What is the highest common factor of 3245 and 3599?
59
Calculate the highest common factor of 496 and 3596.
124
What is the greatest common factor of 2787 and 1102723?
929
What is the highest common factor of 4050428 and 172?
172
Calculate the highest common divisor of 972 and 452.
4
What is the greatest common divisor of 28492 and 1598?
34
Calculate the highest common divisor of 19540 and 290.
10
Calculate the highest common divisor of 31 and 103.
1
Calculate the highest common divisor of 99 and 112222.
11
Calculate the greatest common divisor of 347 and 9.
1
What is the greatest common factor of 1032 and 15716328?
1032
What is the highest common factor of 176495 and 55?
55
What is the greatest common divisor of 13 and 146848?
13
Calculate the greatest common factor of 1079 and 7345.
13
Calculate the highest common divisor of 1848 and 195272.
616
What is the greatest common divisor of 4088 and 3080?
56
Calculate the highest common divisor of 1836 and 378.
54
What is the greatest common factor of 1152 and 2034?
18
Calculate the greatest common divisor of 12 and 591.
3
What is the greatest common factor of 20336 and 538576?
656
Calculate the greatest common factor of 971 and 206.
1
Calculate the highest common divisor of 45910 and 20.
10
Calculate the greatest common divisor of 1404668 and 1628.
148
Calculate the highest common divisor of 143 and 73447.
11
What is the greatest common factor of 203903 and 14?
7
What is the highest common factor of 378325 and 4625?
925
Calculate the highest common factor of 291 and 7359.
3
Calculate the greatest common factor of 604298 and 3269.
467
What is the greatest common divisor of 17076 and 12?
12
Calculate the greatest common divisor of 4394 and 146.
2
What is the greatest common factor of 6617 and 34619?
13
Calculate the greatest common factor of 78088 and 128.
8
Calculate the greatest common factor of 42077 and 175.
7
Calculate the highest common divisor of 27083 and 4015.
73
Calculate the highest common divisor of 1800 and 2475.
225
Calculate the greatest common factor of 220091 and 127.
127
Calculate the highest common factor of 221 and 15795.
13
Calculate the highest common divisor of 5134 and 47867.
151
Calculate the highest common factor of 157498 and 5.
1
Calculate the greatest common divisor of 99970 and 30.
10
What is the greatest common factor of 1670251 and 22?
11
What is the highest common divisor of 51813 and 9747?
513
What is the greatest common factor of 10464 and 96?
96
Calculate the highest common factor of 2416 and 8154.
302
What is the greatest common factor of 837 and 2856681?
837
Calculate the highest common factor of 55268 and 7077.
337
Calculate the highest common divisor of 836 and 12188.
44
What is the highest common factor of 12 and 13139652?
12
What is the greatest common factor of 240 and 52944?
48
What is the highest common divisor of 1377442 and 11?
11
Calculate the highest common divisor of 261517 and 3502.
103
Calculate the highest common factor of 765832 and 203.
29
What is the greatest common divisor of 297 and 13728?
33
Calculate the greatest common factor of 24 and 938712.
24
Calculate the greatest common factor of 71420 and 120.
20
What is the greatest common factor of 6 and 879?
3
What is the greatest common divisor of 1650 and 3050?
50
Calculate the greatest common factor of 25252 and 4708.
428
Calculate the greatest common factor of 187853 and 133.
19
What is the highest common factor of 242 and 126082?
242
What is the highest common factor of 22 and 177221?
11
What is the greatest common factor of 1548 and 234?
18
What is the greatest common divisor of 645 and 188555?
215
Calculate the greatest common divisor of 299405 and 31455.
1165
Calculate the greatest common factor of 49 and 50